{"id":14346,"date":"2021-11-23T09:11:43","date_gmt":"2021-11-23T08:11:43","guid":{"rendered":"https:\/\/www.servethecity.brussels\/?post_type=mw_event&#038;p=14346"},"modified":"2021-12-01T09:19:15","modified_gmt":"2021-12-01T08:19:15","slug":"defis-givingtuesday-2021","status":"publish","type":"mw_event","link":"https:\/\/www.servethecity.brussels\/fr\/events\/defis-givingtuesday-2021\/","title":{"rendered":"D\u00e9fis GivingTuesday 2021"},"content":{"rendered":"<div class=\"wpb-content-wrapper\">[mk_page_section bg_image=\u00a0\u00bbhttps:\/\/cdn.servethecity.net\/wp-content\/uploads\/sites\/2\/2021\/11\/giving-tuesday-bg.png\u00a0\u00bb bg_color=\u00a0\u00bb#0098db\u00a0\u00bb bg_position=\u00a0\u00bbcenter bottom\u00a0\u00bb bg_repeat=\u00a0\u00bbno-repeat\u00a0\u00bb bg_stretch=\u00a0\u00bbtrue\u00a0\u00bb enable_3d=\u00a0\u00bbtrue\u00a0\u00bb full_width=\u00a0\u00bbtrue\u00a0\u00bb padding_top=\u00a0\u00bb0&Prime; padding_bottom=\u00a0\u00bb0&Prime; margin_bottom=\u00a0\u00bb50&Prime; sidebar=\u00a0\u00bbmw-event-calendar-sidebar\u00a0\u00bb][vc_column][vc_single_image image=\u00a0\u00bb14399&Prime; img_size=\u00a0\u00bbfull\u00a0\u00bb alignment=\u00a0\u00bbcenter\u00a0\u00bb css=\u00a0\u00bb.vc_custom_1637658103211{margin-top: 0px !important;margin-bottom: 0px !important;border-top-width: 0px !important;border-bottom-width: 0px !important;padding-top: 0px !important;padding-bottom: 0px !important;}\u00a0\u00bb][\/vc_column][\/mk_page_section][vc_row id=\u00a0\u00bbdonate\u00a0\u00bb][vc_column][vc_single_image image=\u00a0\u00bb14262&Prime; img_size=\u00a0\u00bbfull\u00a0\u00bb alignment=\u00a0\u00bbcenter\u00a0\u00bb css_animation=\u00a0\u00bbfadeInUp\u00a0\u00bb el_class=\u00a0\u00bbretina\u00a0\u00bb][mk_fancy_title tag_name=\u00a0\u00bbh3&Prime; color=\u00a0\u00bb#33487e\u00a0\u00bb size=\u00a0\u00bb24&Prime; font_weight=\u00a0\u00bb500&Prime; letter_spacing=\u00a0\u00bb1&Prime; font_family=\u00a0\u00bbnone\u00a0\u00bb align=\u00a0\u00bbcenter\u00a0\u00bb animation=\u00a0\u00bbscale-up\u00a0\u00bb]Le mardi 30 novembre\u202fest d\u00e9di\u00e9 aux\u202f<span style=\"color: #dd3058;\">Dons<\/span>![\/mk_fancy_title][\/vc_column][\/vc_row][vc_row][vc_column width=\u00a0\u00bb2\/3&Prime;][mk_message_box type=\u00a0\u00bbinfo-message\u00a0\u00bb]While our GivingTuesday challenges day is over, you can still donate here[\/mk_message_box][vc_column_text css=\u00a0\u00bb.vc_custom_1637681499474{margin-bottom: 0px !important;}\u00a0\u00bb]Donner est au coeur de notre communaut\u00e9 de volontaires. Nous connaissons la valeur du don de son temps et de son affection, et de la diff\u00e9rence que cela fait dans la vie des autres. Et donc, durant ces temps difficiles pour tous, nous voulons <strong>c\u00e9l\u00e9brer l&rsquo;action de donner<\/strong>. Serve the City veut donner encore plus ! Mais nous ne pouvons pas le faire sans vous.<\/p>\n<p>Cette ann\u00e9e, notre campagne GivingTuesday veut vous lancer des d\u00e9fis ! Mais pas ceux qui nous d\u00e9couragent, non. C&rsquo;est tout le contraire. Nous vous proposons de vous joindre \u00e0 nos \u00ab\u00a0Giving Challenges\u00a0\u00bb (d\u00e9fis de donner), et nous aider \u00e0 rendre la vie de ceux autour de nous meilleures par de <strong>petites actions pleines de sens<\/strong>.<\/p>\n<p>7 D\u00c9FIS vous seront propos\u00e9s pendant la journ\u00e9e et vous pouvez \u00a0vous y joindre o\u00f9 que vous soyez ! Nos d\u00e9fis sont faits pour \u00eatre accessibles \u00e0 tous.<\/p>\n<p><strong>REGARDEZ<\/strong>\u00a0nos r\u00e9seaux sociaux ce 30 novembre pour participer. <strong>PARTAGEZ<\/strong>\u00a0avec votre famille et amis ![\/vc_column_text][vc_separator color=\u00a0\u00bbcustom\u00a0\u00bb border_width=\u00a0\u00bb4&Prime; el_width=\u00a0\u00bb10&Prime; accent_color=\u00a0\u00bb#dd3058&Prime; css=\u00a0\u00bb.vc_custom_1637679549462{margin-top: 40px !important;margin-bottom: 40px !important;}\u00a0\u00bb][mk_social_networks size=\u00a0\u00bbx-large\u00a0\u00bb style=\u00a0\u00bbcircle\u00a0\u00bb icon_color=\u00a0\u00bb#33487e\u00a0\u00bb align=\u00a0\u00bbcenter\u00a0\u00bb facebook=\u00a0\u00bbhttps:\/\/www.facebook.com\/stcbrussels\u00a0\u00bb twitter=\u00a0\u00bbhttps:\/\/twitter.com\/stcbrussels\u00a0\u00bb instagram=\u00a0\u00bbhttps:\/\/www.instagram.com\/stcbrussels\/\u00a0\u00bb linkedin=\u00a0\u00bbhttps:\/\/www.linkedin.com\/company\/stcbrussels\/\u00a0\u00bb][vc_separator color=\u00a0\u00bbcustom\u00a0\u00bb border_width=\u00a0\u00bb4&Prime; el_width=\u00a0\u00bb10&Prime; accent_color=\u00a0\u00bb#dd3058&Prime; css=\u00a0\u00bb.vc_custom_1637680763796{margin-top: 25px !important;margin-bottom: 40px !important;}\u00a0\u00bb][vc_column_text css=\u00a0\u00bb.vc_custom_1637682546422{margin-bottom: 0px !important;}\u00a0\u00bb]Un de nos plus gros d\u00e9fis cette ann\u00e9e a \u00e9t\u00e9 de r\u00e9colter suffisamment de fonds pour continuer notre mission et nos projets, pour pouvoir donner autant en 2022 que nous l&rsquo;avons fait en 2021. <strong>Chaque don a de l&rsquo;importance<\/strong>, quel que soit sa taille, et fait une grande diff\u00e9rence dans la vie des personnes que nous aidons, tout particuli\u00e8rement dans ces temps difficiles o\u00f9 nos sources de revenu sont annul\u00e9es \u00e0 cause de la pand\u00e9mie et o\u00f9 le nombre de personnes dans le besoin ne cesse d&rsquo;augmenter.[\/vc_column_text][mk_button dimension=\u00a0\u00bboutline\u00a0\u00bb size=\u00a0\u00bbx-large\u00a0\u00bb letter_spacing=\u00a0\u00bb1&Prime; url=\u00a0\u00bb#donate\u00a0\u00bb align=\u00a0\u00bbcenter\u00a0\u00bb margin_top=\u00a0\u00bb50&Prime; margin_bottom=\u00a0\u00bb50&Prime; margin_right=\u00a0\u00bb0&Prime; animation=\u00a0\u00bbfade-in\u00a0\u00bb outline_skin=\u00a0\u00bbcustom\u00a0\u00bb outline_active_color=\u00a0\u00bb#dd3058&Prime; outline_active_text_color=\u00a0\u00bb#33487e\u00a0\u00bb outline_hover_bg_color=\u00a0\u00bb#dd3058&Prime; outline_hover_color=\u00a0\u00bb#ffffff\u00a0\u00bb]Aidez-nous \u00e0 faire une diff\u00e9rence ! Faites un don aujourd&rsquo;hui.[\/mk_button][vc_column_text css=\u00a0\u00bb.vc_custom_1637682710771{margin-bottom: 0px !important;}\u00a0\u00bb]<span class=\"TextRun SCXW106702282 BCX4\" data-contrast=\"auto\"><span class=\"NormalTextRun SCXW106702282 BCX4\">De plus, faire un don \u00e0 Serve the City vous donne \u00e0 vous aussi, litt\u00e9ralement ! Tous dons de 40 \u20ac et plus sont<strong> d\u00e9ductibles fiscalement jusque 45% du montant<\/strong>.<\/span><\/span>[\/vc_column_text][mk_fancy_title tag_name=\u00a0\u00bbh4&Prime; color=\u00a0\u00bb#33487e\u00a0\u00bb size=\u00a0\u00bb18&Prime; font_weight=\u00a0\u00bb500&Prime; letter_spacing=\u00a0\u00bb1&Prime; font_family=\u00a0\u00bbnone\u00a0\u00bb responsive_align=\u00a0\u00bbleft\u00a0\u00bb]Concr\u00e8tement, si vous donnez p.e. <strong>100 \u20ac<\/strong>, cela ne vous co\u00fbte r\u00e9ellement que\u00a0<strong>55 \u20ac<\/strong>\u00a0car vous pouvez\u00a0<strong>d\u00e9duire 45 \u20ac de vos imp\u00f4ts<\/strong>.[\/mk_fancy_title][vc_separator color=\u00a0\u00bbcustom\u00a0\u00bb border_width=\u00a0\u00bb4&Prime; el_width=\u00a0\u00bb10&Prime; accent_color=\u00a0\u00bb#dd3058&Prime; css=\u00a0\u00bb.vc_custom_1637679549462{margin-top: 40px !important;margin-bottom: 40px !important;}\u00a0\u00bb][\/vc_column][vc_column width=\u00a0\u00bb1\/3&Prime;][vc_raw_html]PGlmcmFtZSBzcmM9Imh0dHBzOi8vc2VydmV0aGVjaXR5YnJ1c3NlbHMuc2VjdXJlLmZvcmNlLmNvbS9zdGNpX19mdW5kcmFpc2luZ19mb3JtP2lkPWEwdjF2MDAwMDBQTEF1eCZsYW5nPWZyIiB3aWR0aD0iMTAwJSIgaGVpZ2h0PSIxMzAwIiBmcmFtZWJvcmRlcj0iMCI+PC9pZnJhbWU+[\/vc_raw_html][\/vc_column][\/vc_row]\n<\/div>","protected":false},"excerpt":{"rendered":"<p>[mk_page_section bg_image=\u00a0\u00bbhttps:\/\/cdn.servethecity.net\/wp-content\/uploads\/sites\/2\/2021\/11\/giving-tuesday-bg.png\u00a0\u00bb bg_color=\u00a0\u00bb#0098db\u00a0\u00bb bg_position=\u00a0\u00bbcenter bottom\u00a0\u00bb bg_repeat=\u00a0\u00bbno-repeat\u00a0\u00bb bg_stretch=\u00a0\u00bbtrue\u00a0\u00bb enable_3d=\u00a0\u00bbtrue\u00a0\u00bb full_width=\u00a0\u00bbtrue\u00a0\u00bb padding_top=\u00a0\u00bb0&Prime; padding_bottom=\u00a0\u00bb0&Prime; margin_bottom=\u00a0\u00bb50&Prime; sidebar=\u00a0\u00bbmw-event-calendar-sidebar\u00a0\u00bb][vc_column][vc_single_image image=\u00a0\u00bb14399&Prime; img_size=\u00a0\u00bbfull\u00a0\u00bb alignment=\u00a0\u00bbcenter\u00a0\u00bb css=\u00a0\u00bb.vc_custom_1637658103211{margin-top: 0px !important;margin-bottom: 0px !important;border-top-width: 0px !important;border-bottom-width: 0px !important;padding-top: 0px !important;padding-bottom: 0px !important;}\u00a0\u00bb][\/vc_column][\/mk_page_section][vc_row id=\u00a0\u00bbdonate\u00a0\u00bb][vc_column][vc_single_image image=\u00a0\u00bb14262&Prime; img_size=\u00a0\u00bbfull\u00a0\u00bb alignment=\u00a0\u00bbcenter\u00a0\u00bb css_animation=\u00a0\u00bbfadeInUp\u00a0\u00bb el_class=\u00a0\u00bbretina\u00a0\u00bb][mk_fancy_title tag_name=\u00a0\u00bbh3&Prime; color=\u00a0\u00bb#33487e\u00a0\u00bb size=\u00a0\u00bb24&Prime; font_weight=\u00a0\u00bb500&Prime; letter_spacing=\u00a0\u00bb1&Prime; font_family=\u00a0\u00bbnone\u00a0\u00bb align=\u00a0\u00bbcenter\u00a0\u00bb animation=\u00a0\u00bbscale-up\u00a0\u00bb]Le mardi 30 novembre\u202fest d\u00e9di\u00e9 aux\u202fDons![\/mk_fancy_title][\/vc_column][\/vc_row][vc_row][vc_column width=\u00a0\u00bb2\/3&Prime;][mk_message_box type=\u00a0\u00bbinfo-message\u00a0\u00bb]While our GivingTuesday challenges day is [&hellip;]<\/p>\n","protected":false},"featured_media":14242,"template":"","meta":{"_crdt_document":"","_links_to":"","_links_to_target":""},"class_list":["post-14346","mw_event","type-mw_event","status-publish","has-post-thumbnail","hentry","mw_event_category-fundraiser-fr"],"mw_event_startdate":false,"mw_event_enddate":false,"mw_event_location_address":false,"mw_event_location_name":false,"mw_event_full":false,"mw_event_sf":false,"_links":{"self":[{"href":"https:\/\/www.servethecity.brussels\/fr\/wp-json\/wp\/v2\/mw_event\/14346","targetHints":{"allow":["GET"]}}],"collection":[{"href":"https:\/\/www.servethecity.brussels\/fr\/wp-json\/wp\/v2\/mw_event"}],"about":[{"href":"https:\/\/www.servethecity.brussels\/fr\/wp-json\/wp\/v2\/types\/mw_event"}],"version-history":[{"count":0,"href":"https:\/\/www.servethecity.brussels\/fr\/wp-json\/wp\/v2\/mw_event\/14346\/revisions"}],"wp:featuredmedia":[{"embeddable":true,"href":"https:\/\/www.servethecity.brussels\/fr\/wp-json\/wp\/v2\/media\/14242"}],"wp:attachment":[{"href":"https:\/\/www.servethecity.brussels\/fr\/wp-json\/wp\/v2\/media?parent=14346"}],"curies":[{"name":"wp","href":"https:\/\/api.w.org\/{rel}","templated":true}]}}

Défis GivingTuesday 2021

<div class="wpb-content-wrapper">[mk_page_section bg_image= »https://cdn.servethecity.net/wp-content/uploads/sites/2/2021/11/giving-tuesday-bg.png » bg_color= »#0098db » bg_position= »center bottom » bg_repeat= »no-repeat » bg_stretch= »true » enable_3d= »true » full_width= »true » padding_top= »0&Prime; padding_bottom= »0&Prime; margin_bottom= »50&Prime; sidebar= »mw-event-calendar-sidebar »][vc_column][vc_single_image image= »14399&Prime; img_size= »full » alignment= »center » css= ».vc_custom_1637658103211{margin-top: 0px !important;margin-bottom: 0px !important;border-top-width: 0px !important;border-bottom-width: 0px !important;padding-top: 0px !important;padding-bottom: 0px !important;} »][/vc_column][/mk_page_section][vc_row id= »donate »][vc_column][vc_single_image image= »14262&Prime; img_size= »full » alignment= »center » css_animation= »fadeInUp » el_class= »retina »][mk_fancy_title tag_name= »h3&Prime; color= »#33487e » size= »24&Prime; font_weight= »500&Prime; letter_spacing= »1&Prime; font_family= »none » align= »center » animation= »scale-up »]Le mardi 30 novembre est dédié aux <span style="color: #dd3058;">Dons</span>![/mk_fancy_title][/vc_column][/vc_row][vc_row][vc_column width= »2/3&Prime;][mk_message_box type= »info-message »]While our GivingTuesday challenges day is over, you can still donate here[/mk_message_box][vc_column_text css= ».vc_custom_1637681499474{margin-bottom: 0px !important;} »]Donner est au coeur de notre communauté de volontaires. Nous connaissons la valeur du don de son temps et de son affection, et de la différence que cela fait dans la vie des autres. Et donc, durant ces temps difficiles pour tous, nous voulons <strong>célébrer l&rsquo;action de donner</strong>. Serve the City veut donner encore plus ! Mais nous ne pouvons pas le faire sans vous.</p>
<p>Cette année, notre campagne GivingTuesday veut vous lancer des défis ! Mais pas ceux qui nous découragent, non. C&rsquo;est tout le contraire. Nous vous proposons de vous joindre à nos « Giving Challenges » (défis de donner), et nous aider à rendre la vie de ceux autour de nous meilleures par de <strong>petites actions pleines de sens</strong>.</p>
<p>7 DÉFIS vous seront proposés pendant la journée et vous pouvez  vous y joindre où que vous soyez ! Nos défis sont faits pour être accessibles à tous.</p>
<p><strong>REGARDEZ</strong> nos réseaux sociaux ce 30 novembre pour participer. <strong>PARTAGEZ</strong> avec votre famille et amis ![/vc_column_text][vc_separator color= »custom » border_width= »4&Prime; el_width= »10&Prime; accent_color= »#dd3058&Prime; css= ».vc_custom_1637679549462{margin-top: 40px !important;margin-bottom: 40px !important;} »][mk_social_networks size= »x-large » style= »circle » icon_color= »#33487e » align= »center » facebook= »https://www.facebook.com/stcbrussels » twitter= »https://twitter.com/stcbrussels » instagram= »https://www.instagram.com/stcbrussels/ » linkedin= »https://www.linkedin.com/company/stcbrussels/ »][vc_separator color= »custom » border_width= »4&Prime; el_width= »10&Prime; accent_color= »#dd3058&Prime; css= ».vc_custom_1637680763796{margin-top: 25px !important;margin-bottom: 40px !important;} »][vc_column_text css= ».vc_custom_1637682546422{margin-bottom: 0px !important;} »]Un de nos plus gros défis cette année a été de récolter suffisamment de fonds pour continuer notre mission et nos projets, pour pouvoir donner autant en 2022 que nous l&rsquo;avons fait en 2021. <strong>Chaque don a de l&rsquo;importance</strong>, quel que soit sa taille, et fait une grande différence dans la vie des personnes que nous aidons, tout particulièrement dans ces temps difficiles où nos sources de revenu sont annulées à cause de la pandémie et où le nombre de personnes dans le besoin ne cesse d&rsquo;augmenter.[/vc_column_text][mk_button dimension= »outline » size= »x-large » letter_spacing= »1&Prime; url= »#donate » align= »center » margin_top= »50&Prime; margin_bottom= »50&Prime; margin_right= »0&Prime; animation= »fade-in » outline_skin= »custom » outline_active_color= »#dd3058&Prime; outline_active_text_color= »#33487e » outline_hover_bg_color= »#dd3058&Prime; outline_hover_color= »#ffffff »]Aidez-nous à faire une différence ! Faites un don aujourd&rsquo;hui.[/mk_button][vc_column_text css= ».vc_custom_1637682710771{margin-bottom: 0px !important;} »]<span class="TextRun SCXW106702282 BCX4" data-contrast="auto"><span class="NormalTextRun SCXW106702282 BCX4">De plus, faire un don à Serve the City vous donne à vous aussi, littéralement ! Tous dons de 40 € et plus sont<strong> déductibles fiscalement jusque 45% du montant</strong>.</span></span>[/vc_column_text][mk_fancy_title tag_name= »h4&Prime; color= »#33487e » size= »18&Prime; font_weight= »500&Prime; letter_spacing= »1&Prime; font_family= »none » responsive_align= »left »]Concrètement, si vous donnez p.e. <strong>100 €</strong>, cela ne vous coûte réellement que <strong>55 €</strong> car vous pouvez <strong>déduire 45 € de vos impôts</strong>.[/mk_fancy_title][vc_separator color= »custom » border_width= »4&Prime; el_width= »10&Prime; accent_color= »#dd3058&Prime; css= ».vc_custom_1637679549462{margin-top: 40px !important;margin-bottom: 40px !important;} »][/vc_column][vc_column width= »1/3&Prime;][vc_raw_html]PGlmcmFtZSBzcmM9Imh0dHBzOi8vc2VydmV0aGVjaXR5YnJ1c3NlbHMuc2VjdXJlLmZvcmNlLmNvbS9zdGNpX19mdW5kcmFpc2luZ19mb3JtP2lkPWEwdjF2MDAwMDBQTEF1eCZsYW5nPWZyIiB3aWR0aD0iMTAwJSIgaGVpZ2h0PSIxMzAwIiBmcmFtZWJvcmRlcj0iMCI+PC9pZnJhbWU+[/vc_raw_html][/vc_column][/vc_row]
</div>

<p>[mk_page_section bg_image= »https://cdn.servethecity.net/wp-content/uploads/sites/2/2021/11/giving-tuesday-bg.png » bg_color= »#0098db » bg_position= »center bottom » bg_repeat= »no-repeat » bg_stretch= »true » enable_3d= »true » full_width= »true » padding_top= »0&Prime; padding_bottom= »0&Prime; margin_bottom= »50&Prime; sidebar= »mw-event-calendar-sidebar »][vc_column][vc_single_image image= »14399&Prime; img_size= »full » alignment= »center » css= ».vc_custom_1637658103211{margin-top: 0px !important;margin-bottom: 0px !important;border-top-width: 0px !important;border-bottom-width: 0px !important;padding-top: 0px !important;padding-bottom: 0px !important;} »][/vc_column][/mk_page_section][vc_row id= »donate »][vc_column][vc_single_image image= »14262&Prime; img_size= »full » alignment= »center » css_animation= »fadeInUp » el_class= »retina »][mk_fancy_title tag_name= »h3&Prime; color= »#33487e » size= »24&Prime; font_weight= »500&Prime; letter_spacing= »1&Prime; font_family= »none » align= »center » animation= »scale-up »]Le mardi 30 novembre est dédié aux Dons![/mk_fancy_title][/vc_column][/vc_row][vc_row][vc_column width= »2/3&Prime;][mk_message_box type= »info-message »]While our GivingTuesday challenges day is [&hellip;]</p>
