{"id":19561,"date":"2025-01-15T17:19:37","date_gmt":"2025-01-15T16:19:37","guid":{"rendered":"https:\/\/www.servethecity.brussels\/?post_type=mw_event&#038;p=19561"},"modified":"2025-02-25T15:18:29","modified_gmt":"2025-02-25T14:18:29","slug":"vente-de-libres-doccasion","status":"publish","type":"mw_event","link":"https:\/\/www.servethecity.brussels\/fr\/events\/vente-de-libres-doccasion\/","title":{"rendered":"Vente de Livres d\u2019Occasion en Anglais &#8211; \u00c9dition Printemps"},"content":{"rendered":"<div class=\"wpb-content-wrapper\">[vc_row][vc_column][vc_column_text css=\u00a0\u00bb.vc_custom_1740493026582{margin-bottom: 0px !important;}\u00a0\u00bb]\n<div class=\"\">\n<h2 class=\"_1mf _1mj\"><strong data-start=\"42\" data-end=\"119\">\u00c0 la recherche de nouveaux vieux livres ? Nous avons ce qu\u2019il vous faut !<\/strong><\/h2>\n<\/div>\n<div class=\"\">\n<h4 class=\"_1mf _1mj\" style=\"text-align: left;\"><em>\u201c Les livres sont une type de magie unique et portable.\u201d\u00a0<\/em> &#8211; Stephen King<\/h4>\n<\/div>\n<div>Venez jeter un \u0153il \u00e0 notre incroyable Vente de Livres d\u2019Occasion en Anglais<strong> le 2 mars \u00e0 Vineyard Brussels (Boulevard du Souverain 220, Auderghem, \u00c0 L\u2019INT\u00c9RIEUR) !<\/strong><\/div>\n<div class=\"\">\n<p data-start=\"353\" data-end=\"611\">Profitez de l\u2019atmosph\u00e8re agr\u00e9able pour fl\u00e2ner, apportez vos vieux livres et\/ou achetez-en d\u2019autres. Vous y trouverez des livres de fiction, des livres documentaires et des livres pour enfants !<br data-start=\"546\" data-end=\"549\" \/>Attention : <strong data-start=\"561\" data-end=\"611\">les DVD, CD et Blu-Rays ne sont plus accept\u00e9s.<\/strong><\/p>\n<p data-start=\"613\" data-end=\"897\"><strong data-start=\"613\" data-end=\"640\">Comment \u00e7a fonctionne ?<\/strong><br data-start=\"640\" data-end=\"643\" \/>\u00c0 la Vente de Livres d\u2019Occasion en Anglais de Serve the City, vous pouvez adopter toutes sortes de merveilleux livres d\u2019occasion, mais aussi trouver un nouveau propri\u00e9taire pour vos livres ch\u00e9ris afin qu\u2019ils soient appr\u00e9ci\u00e9s par d\u2019autres esprits curieux.<\/p>\n<p data-start=\"899\" data-end=\"1209\"><strong data-start=\"899\" data-end=\"942\">Comment pouvez-vous donner vos livres ?<\/strong><br data-start=\"942\" data-end=\"945\" \/>C\u2019est tr\u00e8s simple ! Apportez simplement vos livres le jour de la vente et laissez-les \u00e0 notre \u00e9quipe au comptoir. Nous nous occuperons de tout et trouverons un nouveau foyer pour vos livres !<br data-start=\"1136\" data-end=\"1139\" \/>Attention : <strong data-start=\"1151\" data-end=\"1209\">SEULS LES LIVRES EN ANGLAIS SONT ACCEPT\u00c9S EN DONATION.<\/strong><\/p>\n<p data-start=\"1211\" data-end=\"1450\"><strong data-start=\"1211\" data-end=\"1246\">Comment payez-vous vos livres ?<\/strong><br data-start=\"1246\" data-end=\"1249\" \/>Lorsque vous avez s\u00e9lectionn\u00e9 les livres que vous souhaitez acheter, nous mesurons la pile. Vous payez en fonction de la longueur totale en centim\u00e8tres \u2013 en d\u2019autres termes, <strong data-start=\"1423\" data-end=\"1448\">1 euro par centim\u00e8tre<\/strong> !<\/p>\n<\/div>\n[\/vc_column_text][\/vc_column][\/vc_row]\n<\/div>","protected":false},"excerpt":{"rendered":"<p>[vc_row][vc_column][vc_column_text css=\u00a0\u00bb.vc_custom_1740493026582{margin-bottom: 0px !important;}\u00a0\u00bb] \u00c0 la recherche de nouveaux vieux livres ? Nous avons ce qu\u2019il vous faut ! \u201c Les livres sont une type de magie unique et portable.\u201d\u00a0 &#8211; Stephen King Venez jeter un \u0153il \u00e0 notre incroyable Vente de Livres d\u2019Occasion en Anglais le 2 mars \u00e0 Vineyard Brussels (Boulevard du Souverain [&hellip;]<\/p>\n","protected":false},"featured_media":19584,"template":"","meta":{"_crdt_document":"","_links_to":"","_links_to_target":""},"class_list":["post-19561","mw_event","type-mw_event","status-publish","has-post-thumbnail","hentry","mw_event_category-fundraiser-fr"],"mw_event_startdate":false,"mw_event_enddate":false,"mw_event_location_address":false,"mw_event_location_name":false,"mw_event_full":false,"mw_event_sf":false,"_links":{"self":[{"href":"https:\/\/www.servethecity.brussels\/fr\/wp-json\/wp\/v2\/mw_event\/19561","targetHints":{"allow":["GET"]}}],"collection":[{"href":"https:\/\/www.servethecity.brussels\/fr\/wp-json\/wp\/v2\/mw_event"}],"about":[{"href":"https:\/\/www.servethecity.brussels\/fr\/wp-json\/wp\/v2\/types\/mw_event"}],"version-history":[{"count":3,"href":"https:\/\/www.servethecity.brussels\/fr\/wp-json\/wp\/v2\/mw_event\/19561\/revisions"}],"predecessor-version":[{"id":19909,"href":"https:\/\/www.servethecity.brussels\/fr\/wp-json\/wp\/v2\/mw_event\/19561\/revisions\/19909"}],"wp:featuredmedia":[{"embeddable":true,"href":"https:\/\/www.servethecity.brussels\/fr\/wp-json\/wp\/v2\/media\/19584"}],"wp:attachment":[{"href":"https:\/\/www.servethecity.brussels\/fr\/wp-json\/wp\/v2\/media?parent=19561"}],"curies":[{"name":"wp","href":"https:\/\/api.w.org\/{rel}","templated":true}]}}

Vente de Livres d’Occasion en Anglais &#8211; Édition Printemps

<div class="wpb-content-wrapper">[vc_row][vc_column][vc_column_text css= ».vc_custom_1740493026582{margin-bottom: 0px !important;} »]
<div class="">
<h2 class="_1mf _1mj"><strong data-start="42" data-end="119">À la recherche de nouveaux vieux livres ? Nous avons ce qu’il vous faut !</strong></h2>
</div>
<div class="">
<h4 class="_1mf _1mj" style="text-align: left;"><em>“ Les livres sont une type de magie unique et portable.” </em> &#8211; Stephen King</h4>
</div>
<div>Venez jeter un œil à notre incroyable Vente de Livres d’Occasion en Anglais<strong> le 2 mars à Vineyard Brussels (Boulevard du Souverain 220, Auderghem, À L’INTÉRIEUR) !</strong></div>
<div class="">
<p data-start="353" data-end="611">Profitez de l’atmosphère agréable pour flâner, apportez vos vieux livres et/ou achetez-en d’autres. Vous y trouverez des livres de fiction, des livres documentaires et des livres pour enfants !<br data-start="546" data-end="549" />Attention : <strong data-start="561" data-end="611">les DVD, CD et Blu-Rays ne sont plus acceptés.</strong></p>
<p data-start="613" data-end="897"><strong data-start="613" data-end="640">Comment ça fonctionne ?</strong><br data-start="640" data-end="643" />À la Vente de Livres d’Occasion en Anglais de Serve the City, vous pouvez adopter toutes sortes de merveilleux livres d’occasion, mais aussi trouver un nouveau propriétaire pour vos livres chéris afin qu’ils soient appréciés par d’autres esprits curieux.</p>
<p data-start="899" data-end="1209"><strong data-start="899" data-end="942">Comment pouvez-vous donner vos livres ?</strong><br data-start="942" data-end="945" />C’est très simple ! Apportez simplement vos livres le jour de la vente et laissez-les à notre équipe au comptoir. Nous nous occuperons de tout et trouverons un nouveau foyer pour vos livres !<br data-start="1136" data-end="1139" />Attention : <strong data-start="1151" data-end="1209">SEULS LES LIVRES EN ANGLAIS SONT ACCEPTÉS EN DONATION.</strong></p>
<p data-start="1211" data-end="1450"><strong data-start="1211" data-end="1246">Comment payez-vous vos livres ?</strong><br data-start="1246" data-end="1249" />Lorsque vous avez sélectionné les livres que vous souhaitez acheter, nous mesurons la pile. Vous payez en fonction de la longueur totale en centimètres – en d’autres termes, <strong data-start="1423" data-end="1448">1 euro par centimètre</strong> !</p>
</div>
[/vc_column_text][/vc_column][/vc_row]
</div>

<p>[vc_row][vc_column][vc_column_text css= ».vc_custom_1740493026582{margin-bottom: 0px !important;} »] À la recherche de nouveaux vieux livres ? Nous avons ce qu’il vous faut ! “ Les livres sont une type de magie unique et portable.”  &#8211; Stephen King Venez jeter un œil à notre incroyable Vente de Livres d’Occasion en Anglais le 2 mars à Vineyard Brussels (Boulevard du Souverain [&hellip;]</p>
