{"id":21826,"date":"2026-03-05T11:54:28","date_gmt":"2026-03-05T10:54:28","guid":{"rendered":"https:\/\/www.servethecity.brussels\/events\/celebration-des-benevoles-du-printemps\/"},"modified":"2026-03-10T09:32:37","modified_gmt":"2026-03-10T08:32:37","slug":"celebration-des-benevoles-du-printemps","status":"publish","type":"mw_event","link":"https:\/\/www.servethecity.brussels\/fr\/events\/celebration-des-benevoles-du-printemps\/","title":{"rendered":"C\u00e9l\u00e9bration des b\u00e9n\u00e9voles du printemps"},"content":{"rendered":"<div class=\"wpb-content-wrapper\">[vc_row][vc_column][vc_column_text css=\u00a0\u00bb.vc_custom_1772633508979{margin-bottom: 0px !important;}\u00a0\u00bb]\n<h2 style=\"text-align: center;\"><strong>Rejoignez-nous pour notre premi\u00e8re c\u00e9l\u00e9bration des b\u00e9n\u00e9voles de l&rsquo;ann\u00e9e, o\u00f9 nous vous rendons hommage !<\/strong><\/h2>\n[\/vc_column_text][\/vc_column][\/vc_row][vc_row][vc_column][vc_column_text css=\u00a0\u00bb.vc_custom_1772633847514{margin-bottom: 0px !important;}\u00a0\u00bb]\n<p style=\"text-align: center;\">Venez passer une soir\u00e9e sp\u00e9ciale d\u00e9di\u00e9e \u00e0 la c\u00e9l\u00e9bration des personnes incroyables qui rendent notre travail possible : nos b\u00e9n\u00e9voles. Cette rencontre d\u00e9contract\u00e9e est l&rsquo;occasion de se retrouver, de d\u00e9guster des mets et des boissons, de jouer \u00e0 quelques jeux et de r\u00e9fl\u00e9chir \u00e0 l&rsquo;impact que nous avons eu en tant que communaut\u00e9 au cours des derniers mois.<\/p>\n<p style=\"text-align: center;\">Que vous ayez fait du b\u00e9n\u00e9volat une seule fois ou \u00e0 plusieurs reprises, cet \u00e9v\u00e9nement est notre fa\u00e7on de vous remercier et de c\u00e9l\u00e9brer le temps, l&rsquo;\u00e9nergie et la gentillesse que chaque b\u00e9n\u00e9vole apporte \u00e0 Serve the City. Nous esp\u00e9rons que vous vous joindrez \u00e0 nous pour une soir\u00e9e de rencontre, de reconnaissance et de divertissement.<\/p>\n[\/vc_column_text][\/vc_column][\/vc_row][vc_row][vc_column][vc_gallery interval=\u00a0\u00bb3&Prime; images=\u00a0\u00bb21708,21711,21363,21087,20041,20024,19440&Prime; img_size=\u00a0\u00bbfull\u00a0\u00bb css=\u00a0\u00bb\u00a0\u00bb][\/vc_column][\/vc_row][vc_row][vc_column][\/vc_column][\/vc_row]\n<\/div>","protected":false},"excerpt":{"rendered":"<p>[vc_row][vc_column][vc_column_text css=\u00a0\u00bb.vc_custom_1772633508979{margin-bottom: 0px !important;}\u00a0\u00bb] Rejoignez-nous pour notre premi\u00e8re c\u00e9l\u00e9bration des b\u00e9n\u00e9voles de l&rsquo;ann\u00e9e, o\u00f9 nous vous rendons hommage ! [\/vc_column_text][\/vc_column][\/vc_row][vc_row][vc_column][vc_column_text css=\u00a0\u00bb.vc_custom_1772633847514{margin-bottom: 0px !important;}\u00a0\u00bb] Venez passer une soir\u00e9e sp\u00e9ciale d\u00e9di\u00e9e \u00e0 la c\u00e9l\u00e9bration des personnes incroyables qui rendent notre travail possible : nos b\u00e9n\u00e9voles. Cette rencontre d\u00e9contract\u00e9e est l&rsquo;occasion de se retrouver, de d\u00e9guster des mets [&hellip;]<\/p>\n","protected":false},"featured_media":21743,"template":"","meta":{"_crdt_document":"","_links_to":"","_links_to_target":""},"class_list":["post-21826","mw_event","type-mw_event","status-publish","has-post-thumbnail","hentry","mw_event_category-volunteer-fr"],"mw_event_startdate":false,"mw_event_enddate":false,"mw_event_location_address":false,"mw_event_location_name":false,"mw_event_full":false,"mw_event_sf":false,"_links":{"self":[{"href":"https:\/\/www.servethecity.brussels\/fr\/wp-json\/wp\/v2\/mw_event\/21826","targetHints":{"allow":["GET"]}}],"collection":[{"href":"https:\/\/www.servethecity.brussels\/fr\/wp-json\/wp\/v2\/mw_event"}],"about":[{"href":"https:\/\/www.servethecity.brussels\/fr\/wp-json\/wp\/v2\/types\/mw_event"}],"version-history":[{"count":3,"href":"https:\/\/www.servethecity.brussels\/fr\/wp-json\/wp\/v2\/mw_event\/21826\/revisions"}],"predecessor-version":[{"id":21853,"href":"https:\/\/www.servethecity.brussels\/fr\/wp-json\/wp\/v2\/mw_event\/21826\/revisions\/21853"}],"wp:featuredmedia":[{"embeddable":true,"href":"https:\/\/www.servethecity.brussels\/fr\/wp-json\/wp\/v2\/media\/21743"}],"wp:attachment":[{"href":"https:\/\/www.servethecity.brussels\/fr\/wp-json\/wp\/v2\/media?parent=21826"}],"curies":[{"name":"wp","href":"https:\/\/api.w.org\/{rel}","templated":true}]}}

Célébration des bénévoles du printemps

<div class="wpb-content-wrapper">[vc_row][vc_column][vc_column_text css= ».vc_custom_1772633508979{margin-bottom: 0px !important;} »]
<h2 style="text-align: center;"><strong>Rejoignez-nous pour notre première célébration des bénévoles de l&rsquo;année, où nous vous rendons hommage !</strong></h2>
[/vc_column_text][/vc_column][/vc_row][vc_row][vc_column][vc_column_text css= ».vc_custom_1772633847514{margin-bottom: 0px !important;} »]
<p style="text-align: center;">Venez passer une soirée spéciale dédiée à la célébration des personnes incroyables qui rendent notre travail possible : nos bénévoles. Cette rencontre décontractée est l&rsquo;occasion de se retrouver, de déguster des mets et des boissons, de jouer à quelques jeux et de réfléchir à l&rsquo;impact que nous avons eu en tant que communauté au cours des derniers mois.</p>
<p style="text-align: center;">Que vous ayez fait du bénévolat une seule fois ou à plusieurs reprises, cet événement est notre façon de vous remercier et de célébrer le temps, l&rsquo;énergie et la gentillesse que chaque bénévole apporte à Serve the City. Nous espérons que vous vous joindrez à nous pour une soirée de rencontre, de reconnaissance et de divertissement.</p>
[/vc_column_text][/vc_column][/vc_row][vc_row][vc_column][vc_gallery interval= »3&Prime; images= »21708,21711,21363,21087,20041,20024,19440&Prime; img_size= »full » css= » »][/vc_column][/vc_row][vc_row][vc_column][/vc_column][/vc_row]
</div>

<p>[vc_row][vc_column][vc_column_text css= ».vc_custom_1772633508979{margin-bottom: 0px !important;} »] Rejoignez-nous pour notre première célébration des bénévoles de l&rsquo;année, où nous vous rendons hommage ! [/vc_column_text][/vc_column][/vc_row][vc_row][vc_column][vc_column_text css= ».vc_custom_1772633847514{margin-bottom: 0px !important;} »] Venez passer une soirée spéciale dédiée à la célébration des personnes incroyables qui rendent notre travail possible : nos bénévoles. Cette rencontre décontractée est l&rsquo;occasion de se retrouver, de déguster des mets [&hellip;]</p>
