{"id":3742,"date":"2017-10-21T12:42:26","date_gmt":"2017-10-21T10:42:26","guid":{"rendered":"https:\/\/www.servethecity.brussels\/projects\/hopital-brugmann\/"},"modified":"2019-09-25T11:19:50","modified_gmt":"2019-09-25T09:19:50","slug":"hopital-brugmann","status":"publish","type":"mw_project","link":"https:\/\/www.servethecity.brussels\/fr\/projects\/hopital-brugmann\/","title":{"rendered":"H\u00f4pital Brugmann"},"content":{"rendered":"<p>Tous les vendredi apr\u00e8s-midis nous servons du th\u00e9 et du caf\u00e9 aux patients g\u00e9riatriques de l\u2019h\u00f4pital Brugmann \u00e0 Schaerbeek. Le but principale est de tenir compagnie et conforter les personnes \u00e2g\u00e9es qui, souvent, n&rsquo;ont aucun membre de leur famille \u00e0 les rendre visite.<\/p>\n<p>Pour travailler comme b\u00e9n\u00e9vole vous aurez besoin d&rsquo;un certificat de bonne vie et m\u0153urs, \u00e0 demander \u00e0 votre commune, passer un entretien avec le responsable des b\u00e9n\u00e9voles de l\u2019h\u00f4pital et, enfin, signer une conventionavec l\u2019h\u00f4pital.<\/p>\n","protected":false},"excerpt":{"rendered":"<p>Tous les vendredi apr\u00e8s-midis nous servons du th\u00e9 et du caf\u00e9 aux patients g\u00e9riatriques de l\u2019h\u00f4pital Brugmann \u00e0 Schaerbeek. Le but principale est de tenir compagnie et conforter les personnes \u00e2g\u00e9es qui, souvent, n&rsquo;ont aucun membre de leur famille \u00e0 les rendre visite. Pour travailler comme b\u00e9n\u00e9vole vous aurez besoin d&rsquo;un certificat de bonne vie [&hellip;]<\/p>\n","protected":false},"featured_media":3443,"template":"","meta":{"_crdt_document":"","_links_to":"","_links_to_target":""},"class_list":["post-3742","mw_project","type-mw_project","status-publish","has-post-thumbnail","hentry","mw_project_category-long-term-commitment-required-fr","mw_project_tags-socialising-fr"],"_links":{"self":[{"href":"https:\/\/www.servethecity.brussels\/fr\/wp-json\/wp\/v2\/mw_project\/3742","targetHints":{"allow":["GET"]}}],"collection":[{"href":"https:\/\/www.servethecity.brussels\/fr\/wp-json\/wp\/v2\/mw_project"}],"about":[{"href":"https:\/\/www.servethecity.brussels\/fr\/wp-json\/wp\/v2\/types\/mw_project"}],"version-history":[{"count":0,"href":"https:\/\/www.servethecity.brussels\/fr\/wp-json\/wp\/v2\/mw_project\/3742\/revisions"}],"wp:featuredmedia":[{"embeddable":true,"href":"https:\/\/www.servethecity.brussels\/fr\/wp-json\/wp\/v2\/media\/3443"}],"wp:attachment":[{"href":"https:\/\/www.servethecity.brussels\/fr\/wp-json\/wp\/v2\/media?parent=3742"}],"curies":[{"name":"wp","href":"https:\/\/api.w.org\/{rel}","templated":true}]}}

Hôpital Brugmann

<p>Tous les vendredi après-midis nous servons du thé et du café aux patients gériatriques de l’hôpital Brugmann à Schaerbeek. Le but principale est de tenir compagnie et conforter les personnes âgées qui, souvent, n&rsquo;ont aucun membre de leur famille à les rendre visite.</p>
<p>Pour travailler comme bénévole vous aurez besoin d&rsquo;un certificat de bonne vie et mœurs, à demander à votre commune, passer un entretien avec le responsable des bénévoles de l’hôpital et, enfin, signer une conventionavec l’hôpital.</p>

<p>Tous les vendredi après-midis nous servons du thé et du café aux patients gériatriques de l’hôpital Brugmann à Schaerbeek. Le but principale est de tenir compagnie et conforter les personnes âgées qui, souvent, n&rsquo;ont aucun membre de leur famille à les rendre visite. Pour travailler comme bénévole vous aurez besoin d&rsquo;un certificat de bonne vie [&hellip;]</p>
