{"id":3748,"date":"2017-10-21T12:38:08","date_gmt":"2017-10-21T10:38:08","guid":{"rendered":"https:\/\/www.servethecity.brussels\/projects\/breakfast4refugees\/"},"modified":"2021-10-29T15:14:31","modified_gmt":"2021-10-29T13:14:31","slug":"breakfast4refugees","status":"publish","type":"mw_project","link":"https:\/\/www.servethecity.brussels\/fr\/projects\/breakfast4refugees\/","title":{"rendered":"Petit D\u00e9jeuner Solidaire"},"content":{"rendered":"<p>Chaque l<strong>undi et mardi matin<\/strong>, notre \u00e9quipe r\u00e9alise des maraudes dans les rues de Bruxelles pour distribuer des boissons chaudes et de la nourriture aux personnes d\u00e9favoris\u00e9es. Nous offrons du th\u00e9 et caf\u00e9 chaud, quelque chose \u00e0 manger, et un moment convivial aux personnes que nous rencontrons sur notre chemin.<\/p>\n<p>Ce projet se d\u00e9roule <strong>entre 07h30 et 09h00<\/strong> du matin, ce qui est id\u00e9al si vous devez \u00eatre rentr\u00e9 pour le d\u00e9but de votre journ\u00e9e de travail.<\/p>\n","protected":false},"excerpt":{"rendered":"<p>T\u00f4t tous les matins, beau temps ou mauvais temps, notre \u00e9quipe sert le petit-d\u00e9jeuner aux r\u00e9fugi\u00e9s en file devant le World Trade Center pour introduire leur demande d\u2019asile.<\/p>\n","protected":false},"featured_media":12180,"template":"","meta":{"_crdt_document":"","_links_to":"","_links_to_target":""},"class_list":["post-3748","mw_project","type-mw_project","status-publish","has-post-thumbnail","hentry","mw_project_tags-food-outreach-fr"],"_links":{"self":[{"href":"https:\/\/www.servethecity.brussels\/fr\/wp-json\/wp\/v2\/mw_project\/3748","targetHints":{"allow":["GET"]}}],"collection":[{"href":"https:\/\/www.servethecity.brussels\/fr\/wp-json\/wp\/v2\/mw_project"}],"about":[{"href":"https:\/\/www.servethecity.brussels\/fr\/wp-json\/wp\/v2\/types\/mw_project"}],"version-history":[{"count":0,"href":"https:\/\/www.servethecity.brussels\/fr\/wp-json\/wp\/v2\/mw_project\/3748\/revisions"}],"wp:featuredmedia":[{"embeddable":true,"href":"https:\/\/www.servethecity.brussels\/fr\/wp-json\/wp\/v2\/media\/12180"}],"wp:attachment":[{"href":"https:\/\/www.servethecity.brussels\/fr\/wp-json\/wp\/v2\/media?parent=3748"}],"curies":[{"name":"wp","href":"https:\/\/api.w.org\/{rel}","templated":true}]}}

Petit Déjeuner Solidaire

<p>Chaque l<strong>undi et mardi matin</strong>, notre équipe réalise des maraudes dans les rues de Bruxelles pour distribuer des boissons chaudes et de la nourriture aux personnes défavorisées. Nous offrons du thé et café chaud, quelque chose à manger, et un moment convivial aux personnes que nous rencontrons sur notre chemin.</p>
<p>Ce projet se déroule <strong>entre 07h30 et 09h00</strong> du matin, ce qui est idéal si vous devez être rentré pour le début de votre journée de travail.</p>

<p>Tôt tous les matins, beau temps ou mauvais temps, notre équipe sert le petit-déjeuner aux réfugiés en file devant le World Trade Center pour introduire leur demande d’asile.</p>
