{"id":3751,"date":"2017-10-21T12:29:05","date_gmt":"2017-10-21T10:29:05","guid":{"rendered":"https:\/\/www.servethecity.brussels\/projects\/chevrefeuille\/"},"modified":"2019-09-25T11:25:02","modified_gmt":"2019-09-25T09:25:02","slug":"chevrefeuille","status":"publish","type":"mw_project","link":"https:\/\/www.servethecity.brussels\/fr\/projects\/chevrefeuille\/","title":{"rendered":"Ch\u00e8vrefeuille"},"content":{"rendered":"<p><strong>This project is on a break until the first week of September. Please check back on our website for further details.\u00a0<\/strong><\/p>\n<p>Ch\u00e8vrefeuille est une cellule de crise pour des femmes victimes d&rsquo;abus. Rejoignez-nous les mardis soirs de 20h00 \u00e0 21h30. Ce projet encourage les femmes \u00e0 passer du moment ensemble, apr\u00e8s avoir mis au lit leurs enfants. Nous d\u00e9sirons leur offrir de la force gr\u00e2ce \u00e0 l\u2019amiti\u00e9, tant avec celles que nous aidons qu\u2019aux b\u00e9n\u00e9voles.<\/p>\n<p>This project is supported by:<br \/>\n<a href=\"https:\/\/www.engie-electrabel.be\/\" target=\"_blank\" rel=\"noopener noreferrer\"><img loading=\"lazy\" decoding=\"async\" class=\"alignnone wp-image-4329 size-full\" src=\"\/\/servethecity.azureedge.net\/wp-content\/uploads\/sites\/2\/2018\/03\/logo-engie.png\" alt=\"\" width=\"170\" height=\"110\" \/><\/a><\/p>\n","protected":false},"excerpt":{"rendered":"<p>This project is on a break until the first week of September. Please check back on our website for further details.\u00a0 Ch\u00e8vrefeuille est une cellule de crise pour des femmes victimes d&rsquo;abus. Rejoignez-nous les mardis soirs de 20h00 \u00e0 21h30. Ce projet encourage les femmes \u00e0 passer du moment ensemble, apr\u00e8s avoir mis au lit [&hellip;]<\/p>\n","protected":false},"featured_media":3398,"template":"","meta":{"_crdt_document":"","_links_to":"","_links_to_target":""},"class_list":["post-3751","mw_project","type-mw_project","status-publish","has-post-thumbnail","hentry","mw_project_tags-socialising-fr"],"_links":{"self":[{"href":"https:\/\/www.servethecity.brussels\/fr\/wp-json\/wp\/v2\/mw_project\/3751","targetHints":{"allow":["GET"]}}],"collection":[{"href":"https:\/\/www.servethecity.brussels\/fr\/wp-json\/wp\/v2\/mw_project"}],"about":[{"href":"https:\/\/www.servethecity.brussels\/fr\/wp-json\/wp\/v2\/types\/mw_project"}],"version-history":[{"count":0,"href":"https:\/\/www.servethecity.brussels\/fr\/wp-json\/wp\/v2\/mw_project\/3751\/revisions"}],"wp:featuredmedia":[{"embeddable":true,"href":"https:\/\/www.servethecity.brussels\/fr\/wp-json\/wp\/v2\/media\/3398"}],"wp:attachment":[{"href":"https:\/\/www.servethecity.brussels\/fr\/wp-json\/wp\/v2\/media?parent=3751"}],"curies":[{"name":"wp","href":"https:\/\/api.w.org\/{rel}","templated":true}]}}

Chèvrefeuille

<p><strong>This project is on a break until the first week of September. Please check back on our website for further details. </strong></p>
<p>Chèvrefeuille est une cellule de crise pour des femmes victimes d&rsquo;abus. Rejoignez-nous les mardis soirs de 20h00 à 21h30. Ce projet encourage les femmes à passer du moment ensemble, après avoir mis au lit leurs enfants. Nous désirons leur offrir de la force grâce à l’amitié, tant avec celles que nous aidons qu’aux bénévoles.</p>
<p>This project is supported by:<br />
<a href="https://www.engie-electrabel.be/" target="_blank" rel="noopener noreferrer"><img loading="lazy" decoding="async" class="alignnone wp-image-4329 size-full" src="//servethecity.azureedge.net/wp-content/uploads/sites/2/2018/03/logo-engie.png" alt="" width="170" height="110" /></a></p>

<p>This project is on a break until the first week of September. Please check back on our website for further details.  Chèvrefeuille est une cellule de crise pour des femmes victimes d&rsquo;abus. Rejoignez-nous les mardis soirs de 20h00 à 21h30. Ce projet encourage les femmes à passer du moment ensemble, après avoir mis au lit [&hellip;]</p>
