{"id":3753,"date":"2017-10-21T12:20:23","date_gmt":"2017-10-21T10:20:23","guid":{"rendered":"https:\/\/www.servethecity.brussels\/projects\/samusocial-gulledelle\/"},"modified":"2021-10-29T15:20:32","modified_gmt":"2021-10-29T13:20:32","slug":"samusocial-gulledelle","status":"publish","type":"mw_project","link":"https:\/\/www.servethecity.brussels\/fr\/projects\/samusocial-gulledelle\/","title":{"rendered":"Samusocial Gulledelle"},"content":{"rendered":"<p>Samusocial \u00e0 Gulledelle est un centre qui accueille plus de 200 r\u00e9sidents, pour la plupart de grandes familles ou des m\u00e8res c\u00e9libataires avec enfants.<\/p>\n<p>Tous le semaines le <strong>lundi<\/strong>, le <strong>mardi<\/strong> et le <strong>jeudi<\/strong> soir, nous n\u00e9cessitons de b\u00e9n\u00e9voles pour aider dans les devoirs des enfants <strong>de 19h30 \u00e0 21h00<\/strong>. <strong>Connaissance n\u00e9cessaire de la langue fran\u00e7aise. <\/strong>Le n\u00e9erlandais est un plus.<\/p>\n<p>Nous souhaiterions cr\u00e9er un groupe d&rsquo;enseignants qui peuvent s&rsquo;alterner chaque semaine. Votre aide sera pr\u00e9cieuse !<\/p>\n","protected":false},"excerpt":{"rendered":"<p>Samusocial \u00e0 Gulledelle est un centre qui accueille plus de 200 r\u00e9sidents, pour la plupart des grandes familles ou des m\u00e8res c\u00e9libataires avec enfants.<\/p>\n","protected":false},"featured_media":12161,"template":"","meta":{"_crdt_document":"","_links_to":"","_links_to_target":""},"class_list":["post-3753","mw_project","type-mw_project","status-publish","has-post-thumbnail","hentry","mw_project_tags-education-fr","mw_project_tags-socialising-fr"],"_links":{"self":[{"href":"https:\/\/www.servethecity.brussels\/fr\/wp-json\/wp\/v2\/mw_project\/3753","targetHints":{"allow":["GET"]}}],"collection":[{"href":"https:\/\/www.servethecity.brussels\/fr\/wp-json\/wp\/v2\/mw_project"}],"about":[{"href":"https:\/\/www.servethecity.brussels\/fr\/wp-json\/wp\/v2\/types\/mw_project"}],"version-history":[{"count":0,"href":"https:\/\/www.servethecity.brussels\/fr\/wp-json\/wp\/v2\/mw_project\/3753\/revisions"}],"wp:featuredmedia":[{"embeddable":true,"href":"https:\/\/www.servethecity.brussels\/fr\/wp-json\/wp\/v2\/media\/12161"}],"wp:attachment":[{"href":"https:\/\/www.servethecity.brussels\/fr\/wp-json\/wp\/v2\/media?parent=3753"}],"curies":[{"name":"wp","href":"https:\/\/api.w.org\/{rel}","templated":true}]}}

<p>Samusocial à Gulledelle est un centre qui accueille plus de 200 résidents, pour la plupart de grandes familles ou des mères célibataires avec enfants.</p>
<p>Tous le semaines le <strong>lundi</strong>, le <strong>mardi</strong> et le <strong>jeudi</strong> soir, nous nécessitons de bénévoles pour aider dans les devoirs des enfants <strong>de 19h30 à 21h00</strong>. <strong>Connaissance nécessaire de la langue française. </strong>Le néerlandais est un plus.</p>
<p>Nous souhaiterions créer un groupe d&rsquo;enseignants qui peuvent s&rsquo;alterner chaque semaine. Votre aide sera précieuse !</p>

<p>Samusocial à Gulledelle est un centre qui accueille plus de 200 résidents, pour la plupart des grandes familles ou des mères célibataires avec enfants.</p>
