{"id":17662,"date":"2023-09-11T14:19:31","date_gmt":"2023-09-11T12:19:31","guid":{"rendered":"https:\/\/www.servethecity.brussels\/?post_type=mw_event&#038;p=17662"},"modified":"2026-03-10T09:28:27","modified_gmt":"2026-03-10T08:28:27","slug":"rendez-vous-solidaires-wavre-avril","status":"publish","type":"mw_event","link":"https:\/\/www.servethecity.brussels\/nl\/events\/rendez-vous-solidaires-wavre-avril\/","title":{"rendered":"Rendez-vous Solidaires &#8211; Wavre &#8211; April"},"content":{"rendered":"<div class=\"wpb-content-wrapper\">[vc_row][vc_column][vc_column_text css=&#8221;.vc_custom_1747730845876{margin-bottom: 0px !important;}&#8221;]Profitez d&#8217;un moment en communaut\u00e9 et aidez-nous \u00e0 faire de Wavre une ville encore plus solidaire ! Rejoignez nos activit\u00e9s de b\u00e9n\u00e9volat le 18 avril!<em><strong> <span class=\"ui-provider eo bdp bdq bdr bds bdt bdu bdv bdw bdx bdy bdz bea beb bec bed bee bef beg beh bei bej bek bel bem ben beo bep beq ber bes bet beu bev bew\" dir=\"ltr\"> Toutes les informations compl\u00e9mentaires \u00a0se trouveront sur l&#8217;app une vingtaine de jours avant l&#8217;\u00e9v\u00e8nement (Lieu et heure du rendez-vous, projets disponibles, etc) .\u00a0<\/span><\/strong><\/em><\/p>\n<p>INSCRIPTIONS OBLIGATOIRES sur l\u2019app serveNow !\u00a0Pas encore utilisateur de ServeNow ?\u00a0<a href=\"https:\/\/www.servenow.app\/\" target=\"_blank\" rel=\"noopener\">T\u00e9l\u00e9chargez ServeNow ici<\/a><\/p>\n<p>Rejoignez notre groupe whatsapp (seuls les admins sont autoris\u00e9s \u00e0 communiquer des informations) en cliquant <a href=\"https:\/\/chat.whatsapp.com\/JBE7YYfljL80dSAykP8pGU\" target=\"_blank\" rel=\"noopener noreferrer\">ICI <\/a><\/p>\n<p>Pour plus d&#8217;informations envoyez un email \u00e0 rdvsolidaires@servethecity.be[\/vc_column_text][\/vc_column][\/vc_row]\n<\/div>","protected":false},"excerpt":{"rendered":"<p>[vc_row][vc_column][vc_column_text css=&#8221;.vc_custom_1747730845876{margin-bottom: 0px !important;}&#8221;]Profitez d&#8217;un moment en communaut\u00e9 et aidez-nous \u00e0 faire de Wavre une ville encore plus solidaire ! Rejoignez nos activit\u00e9s de b\u00e9n\u00e9volat le 18 avril! Toutes les informations compl\u00e9mentaires \u00a0se trouveront sur l&#8217;app une vingtaine de jours avant l&#8217;\u00e9v\u00e8nement (Lieu et heure du rendez-vous, projets disponibles, etc) .\u00a0 INSCRIPTIONS OBLIGATOIRES sur l\u2019app [&hellip;]<\/p>\n","protected":false},"featured_media":20170,"template":"","meta":{"_crdt_document":"","_links_to":"","_links_to_target":""},"class_list":["post-17662","mw_event","type-mw_event","status-publish","has-post-thumbnail","hentry","mw_event_category-sustainability","mw_event_category-volunteer"],"mw_event_startdate":false,"mw_event_enddate":false,"mw_event_location_address":false,"mw_event_location_name":false,"mw_event_full":false,"mw_event_sf":false,"_links":{"self":[{"href":"https:\/\/www.servethecity.brussels\/nl\/wp-json\/wp\/v2\/mw_event\/17662","targetHints":{"allow":["GET"]}}],"collection":[{"href":"https:\/\/www.servethecity.brussels\/nl\/wp-json\/wp\/v2\/mw_event"}],"about":[{"href":"https:\/\/www.servethecity.brussels\/nl\/wp-json\/wp\/v2\/types\/mw_event"}],"version-history":[{"count":3,"href":"https:\/\/www.servethecity.brussels\/nl\/wp-json\/wp\/v2\/mw_event\/17662\/revisions"}],"predecessor-version":[{"id":21859,"href":"https:\/\/www.servethecity.brussels\/nl\/wp-json\/wp\/v2\/mw_event\/17662\/revisions\/21859"}],"wp:featuredmedia":[{"embeddable":true,"href":"https:\/\/www.servethecity.brussels\/nl\/wp-json\/wp\/v2\/media\/20170"}],"wp:attachment":[{"href":"https:\/\/www.servethecity.brussels\/nl\/wp-json\/wp\/v2\/media?parent=17662"}],"curies":[{"name":"wp","href":"https:\/\/api.w.org\/{rel}","templated":true}]}}

<div class="wpb-content-wrapper">[vc_row][vc_column][vc_column_text css=&#8221;.vc_custom_1747730845876{margin-bottom: 0px !important;}&#8221;]Profitez d&#8217;un moment en communauté et aidez-nous à faire de Wavre une ville encore plus solidaire ! Rejoignez nos activités de bénévolat le 18 avril!<em><strong> <span class="ui-provider eo bdp bdq bdr bds bdt bdu bdv bdw bdx bdy bdz bea beb bec bed bee bef beg beh bei bej bek bel bem ben beo bep beq ber bes bet beu bev bew" dir="ltr"> Toutes les informations complémentaires  se trouveront sur l&#8217;app une vingtaine de jours avant l&#8217;évènement (Lieu et heure du rendez-vous, projets disponibles, etc) . </span></strong></em></p>
<p>INSCRIPTIONS OBLIGATOIRES sur l’app serveNow ! Pas encore utilisateur de ServeNow ? <a href="https://www.servenow.app/" target="_blank" rel="noopener">Téléchargez ServeNow ici</a></p>
<p>Rejoignez notre groupe whatsapp (seuls les admins sont autorisés à communiquer des informations) en cliquant <a href="https://chat.whatsapp.com/JBE7YYfljL80dSAykP8pGU" target="_blank" rel="noopener noreferrer">ICI </a></p>
<p>Pour plus d&#8217;informations envoyez un email à rdvsolidaires@servethecity.be[/vc_column_text][/vc_column][/vc_row]
</div>

<p>[vc_row][vc_column][vc_column_text css=&#8221;.vc_custom_1747730845876{margin-bottom: 0px !important;}&#8221;]Profitez d&#8217;un moment en communauté et aidez-nous à faire de Wavre une ville encore plus solidaire ! Rejoignez nos activités de bénévolat le 18 avril! Toutes les informations complémentaires  se trouveront sur l&#8217;app une vingtaine de jours avant l&#8217;évènement (Lieu et heure du rendez-vous, projets disponibles, etc) .  INSCRIPTIONS OBLIGATOIRES sur l’app [&hellip;]</p>
